{"id":1218,"date":"2012-08-02T18:36:54","date_gmt":"2012-08-02T17:36:54","guid":{"rendered":"http:\/\/www.mszporoszlany.hu\/?page_id=1218"},"modified":"2016-08-19T17:12:36","modified_gmt":"2016-08-19T16:12:36","slug":"nyilatkozattetel","status":"publish","type":"page","link":"https:\/\/www.mszporoszlany.hu\/?page_id=1218","title":{"rendered":"Nyilatkozatt\u00e9tel"},"content":{"rendered":"<p>Jelen adatlap kit\u00f6lt\u00e9s\u00e9ve \u00d6n hozz\u00e1j\u00e1rul ahhoz, hogy adatlapon megadott szem\u00e9lyes adatait az inform\u00e1ci\u00f3s \u00f6nrendelkez\u00e9si jogr\u00f3l \u00e9s az inform\u00e1ci\u00f3szabads\u00e1gr\u00f3l sz\u00f3l\u00f3 2011. \u00e9vi CXII. t\u00f6rv\u00e9ny \u00e9s az adatv\u00e9delemhez kapcsol\u00f3d\u00f3 egy\u00e9b jogszab\u00e1lyok rendelkez\u00e9seinek betart\u00e1s\u00e1val az MSZP Oroszl\u00e1nyi Szervezete kezelje, azok r\u00e9v\u00e9n \u00d6nnel kapcsolatot tartson. \u00d6n az adatait b\u00e1rmikor m\u00f3dos\u00edthatja az adatlap ism\u00e9telt kit\u00f6lt\u00e9s\u00e9vel, vagy t\u00f6r\u00f6ltetheti amennyiben ilyen tartalm\u00fa levelet k\u00fcld az info@mszporoszlany.hu c\u00edmre.<\/p>\n<p>Tov\u00e1bbi r\u00e9szletes t\u00e1j\u00e9koztat\u00e1st kaphat el\u00e9rhet\u0151s\u00e9geinken kereszt\u00fcl.<\/p>\n<hr \/>\n<div id=\"forms\">\n<form action=\"\/cgiemail.php\" method=\"post\">\n<input name=\"success\" type=\"hidden\" value=\"\/?page_id=1134\" \/><br \/>\n<input type=\"hidden\" name=\"type\" value=\"nyilatkozatt\u00e9tel\"><br \/>\n<input type=\"hidden\" name=\"form\" value=\"visszajelzes.txt\"><br \/>\n<span class=\"cim\">N\u00e9v:<\/span><span class=\"adat\"><input type=\"text\" name=\"nev\" size=\"50\" \/><\/span><br \/>\n<span class=\"cim\">Telefonsz\u00e1m:<\/span><span class=\"adat\"><input type=\"text\" name=\"telefon\" size=\"30\" \/><\/span><br \/>\n<span class=\"cim\">E-mail:<\/span><span class=\"adat\"><input type=\"text\" name=\"email\" size=\"50\" \/><\/span><br \/>\n<span class=\"cim\">Postac\u00edm:<\/span><span class=\"adat\"><input type=\"text\" name=\"address\" size=\"50\" \/><\/span><br \/>\n<span class=\"cim\">MSN:<\/span><span class=\"adat\"><input type=\"text\" name=\"msn\" size=\"30\" \/><\/span><br \/>\n<span class=\"cim\">Skype:<\/span><span class=\"adat\"><input type=\"text\" name=\"skype\" size=\"30\" \/><\/span><br \/>\n<span class=\"cim\">FaceBook:<\/span><span class=\"adat\"><input type=\"text\" name=\"facebook\" size=\"30\" \/><\/span><br \/>\n<span class=\"cim\">&nbsp;<\/span><span class=\"adat\"><input style=\"margin-top: 20px;\" type=\"submit\" value=\" K\u00fcld\u00e9s \" \/>&nbsp;<input type=\"reset\" value=\" T\u00f6rl\u00e9s \" \/><\/span><br \/>\n<input type=\"hidden\" name=\"type\" value=\"Nyilatkozatt\u00e9tel\" \/><br \/>\n<\/form>\n<\/div>\n","protected":false},"excerpt":{"rendered":"<p>Jelen adatlap kit\u00f6lt\u00e9s\u00e9ve \u00d6n hozz\u00e1j\u00e1rul ahhoz, hogy adatlapon megadott szem\u00e9lyes adatait az inform\u00e1ci\u00f3s \u00f6nrendelkez\u00e9si jogr\u00f3l \u00e9s az inform\u00e1ci\u00f3szabads\u00e1gr\u00f3l sz\u00f3l\u00f3 2011. \u00e9vi CXII. t\u00f6rv\u00e9ny \u00e9s az adatv\u00e9delemhez kapcsol\u00f3d\u00f3 egy\u00e9b jogszab\u00e1lyok rendelkez\u00e9seinek betart\u00e1s\u00e1val az MSZP Oroszl\u00e1nyi Szervezete kezelje, azok r\u00e9v\u00e9n \u00d6nnel kapcsolatot &hellip; <a href=\"https:\/\/www.mszporoszlany.hu\/?page_id=1218\">Egy kattint\u00e1s ide a folytat\u00e1shoz&#8230;. <span class=\"meta-nav\">&rarr;<\/span><\/a><\/p>\n","protected":false},"author":35,"featured_media":0,"parent":1133,"menu_order":99,"comment_status":"closed","ping_status":"closed","template":"","meta":{"footnotes":""},"class_list":["post-1218","page","type-page","status-publish","hentry"],"_links":{"self":[{"href":"https:\/\/www.mszporoszlany.hu\/index.php?rest_route=\/wp\/v2\/pages\/1218","targetHints":{"allow":["GET"]}}],"collection":[{"href":"https:\/\/www.mszporoszlany.hu\/index.php?rest_route=\/wp\/v2\/pages"}],"about":[{"href":"https:\/\/www.mszporoszlany.hu\/index.php?rest_route=\/wp\/v2\/types\/page"}],"author":[{"embeddable":true,"href":"https:\/\/www.mszporoszlany.hu\/index.php?rest_route=\/wp\/v2\/users\/35"}],"replies":[{"embeddable":true,"href":"https:\/\/www.mszporoszlany.hu\/index.php?rest_route=%2Fwp%2Fv2%2Fcomments&post=1218"}],"version-history":[{"count":0,"href":"https:\/\/www.mszporoszlany.hu\/index.php?rest_route=\/wp\/v2\/pages\/1218\/revisions"}],"up":[{"embeddable":true,"href":"https:\/\/www.mszporoszlany.hu\/index.php?rest_route=\/wp\/v2\/pages\/1133"}],"wp:attachment":[{"href":"https:\/\/www.mszporoszlany.hu\/index.php?rest_route=%2Fwp%2Fv2%2Fmedia&parent=1218"}],"curies":[{"name":"wp","href":"https:\/\/api.w.org\/{rel}","templated":true}]}}