{"id":1529,"date":"2012-10-26T12:41:16","date_gmt":"2012-10-26T11:41:16","guid":{"rendered":"http:\/\/www.mszporoszlany.hu\/?page_id=1529"},"modified":"2013-11-30T09:58:07","modified_gmt":"2013-11-30T08:58:07","slug":"idegen-tollak","status":"publish","type":"page","link":"https:\/\/www.mszporoszlany.hu\/?page_id=1529","title":{"rendered":"Idegen tollak"},"content":{"rendered":"<p>Egyre t\u00f6bb cikket \u00e9s v\u00e9lem\u00e9nyt kapunk mostan\u00e1ban, ez\u00e9rt \u00fagy d\u00f6nt\u00f6tt\u00fck, hogy a szervezet \u00e1ltal k\u00f6z\u00f6lt cikkek k\u00f6z\u00f6tt megjelen\u0151 egy\u00e9b bejegyz\u00e9seket k\u00fcl\u00f6n kiemelve is megjelen\u00edtj\u00fck. \u00cdgy egyr\u00e9szt olvas\u00f3ink is l\u00e1thatj\u00e1k, melyek azok a gondolatok, amelyek nem a mi &#8222;M\u0171hely\u00fcnkben&#8221; fogalmaz\u00f3dnak meg, hanem m\u00e1shol \u00e9l\u0151, dolgoz\u00f3 emberek vetik pap\u00edrra megoszt\u00e1sra \u00e9rdemes gondolataikat. M\u00e1sr\u00e9szt k\u00fcls\u0151 szerz\u0151ink is gyorsan t\u00e1j\u00e9koz\u00f3dhatnak arr\u00f3l, hogy melyik \u00edr\u00e1suk jelent meg n\u00e1lunk.<\/p>\n<p>Kellemes olvasgat\u00e1st k\u00edv\u00e1nunk!<\/p>\n<p><a title=\"\u00d6rd\u00f6g L\u00e1szl\u00f3 Facebook oldala\" href=\"https:\/\/www.facebook.com\/laszlo.ordog.16\" target=\"_blank\">\u00d6rd\u00f6g L\u00e1szl\u00f3<\/a> \u00edr\u00e1sai<\/p>\n<ul>\n<li><a title=\"28 H\u0151s cikk megtekint\u00e9se\" href=\"https:\/\/www.mszporoszlany.hu\/?p=1744\">28 h\u0151s<\/a><\/li>\n<li><a title=\"A Magyar f\u00f6ld nem elad\u00f3\" href=\"\/?p=1634\" target=\"_blank\">A Magyar f\u00f6ld nem elad\u00f3<\/a><\/li>\n<li>Pete-f\u00e9szek boom<\/li>\n<li><a title=\"A stadion \u0151r\u00fcltjei\" href=\"\/?p=1638\" target=\"_blank\">A stadion \u0151r\u00fcltjei<\/a><\/li>\n<li><a title=\"A Taigetosz-elv\" href=\"\/?p=1605\" target=\"_blank\">A Taigetosz-elv<\/a><\/li>\n<li><a title=\"Nemzeti \u00fcnnep\" href=\"\/?p=1521\" target=\"_blank\">Nemzeti \u00fcnnep<\/a><\/li>\n<li><a title=\"Fajtisztas\u00e1g\" href=\"\/?p=1517\" target=\"_blank\">Fajtisztas\u00e1g<\/a><\/li>\n<\/ul>\n<p><a title=\"Pilis Jen\u0151 Facebook oldala\" href=\"https:\/\/www.facebook.com\/jeno.pilis\" target=\"_blank\">Pilis Jen\u0151<\/a> \u00edr\u00e1sai<\/p>\n<ul>\n<li><a title=\"Gurul a gy\u00f3gyszer - II.\" href=\"\/?p=890\" target=\"_blank\">Gurul a gy\u00f3gyszer &#8211; II.<\/a><\/li>\n<li><a title=\"Gurul a gy\u00f3gyszer - I.\" href=\"\/?p=865\" target=\"_blank\">Gurul a gy\u00f3gyszer &#8211; I.<\/a><\/li>\n<\/ul>\n<p><a title=\"dr. Sz\u00fcdi J\u00e1nos weboldala\" href=\"http:\/\/drszudi.hu\/\" target=\"_blank\">Sz\u00fcdi J\u00e1nos<\/a> \u00edr\u00e1sai<\/p>\n<ul>\n<li><a title=\"A cikk megtekint\u00e9se\" href=\"https:\/\/www.mszporoszlany.hu\/?p=2227\">Kegyelemkeny\u00e9ren<\/a><\/li>\n<li>Az <a title=\"A cikk megnyit\u00e1sa\" href=\"https:\/\/www.mszporoszlany.hu\/?p=2294\" target=\"_blank\">indul\u00f3 tan\u00e9v<\/a>ben minden m\u00e1s lesz<\/li>\n<li><a title=\"Cikk megnyit\u00e1sa\" href=\"https:\/\/www.mszporoszlany.hu\/?p=2414\">Es\u00e9ly<\/a> \u00e9s lehet\u0151s\u00e9g<\/li>\n<li>A semmis\u00e9gi <a title=\"A cikk megnyit\u00e1sa\" href=\"https:\/\/www.mszporoszlany.hu\/?p=2423\" target=\"_blank\">t\u00f6rv\u00e9ny<\/a><\/li>\n<\/ul>\n<p>Anonymus szerz\u0151ink \u00edr\u00e1sai<\/p>\n<ul>\n<li><a title=\"Semly\u00e9n ism\u00e9t avatott! - bejegyz\u00e9s megnyit\u00e1sa\" href=\"https:\/\/www.mszporoszlany.hu\/?p=1996\" target=\"_blank\">Semly\u00e9n ism\u00e9t avatott<\/a><\/li>\n<li><a title=\"Az els\u0151 fecske bejegyz\u00e9s\" href=\"\/?p=504\" target=\"_blank\">Az els\u0151 fecske<\/a><\/li>\n<\/ul>\n<p><strong>Aj\u00e1nlott irodalom (olvasnival\u00f3)<\/strong><\/p>\n<ul>\n<li>\u00a0Most akkor kellenek a <a title=\"Cikk megnyit\u00e1sa\" href=\"http:\/\/szabadeuropa.shp.hu\/hpc\/web.php?a=szabadeuropa&amp;o=heti_tema_2013_01_28__ikMX\" target=\"_blank\">multik <\/a>vagy nem? &#8211; 1. r\u00e9sz<\/li>\n<li>A val\u00f3ban k\u00e1rt\u00e9kony multik. A <a title=\"Cikk megnyit\u00e1sa\" href=\"http:\/\/szabadeuropa.shp.hu\/hpc\/web.php?a=szabadeuropa&amp;o=heti_tema_2013_02_02__12Rt\" target=\"_blank\">p\u00e9nzszivatty\u00fak <\/a>&#8211; 2. r\u00e9sz<\/li>\n<li>A legnagyobb p\u00e9nzszivatty\u00fa multik, a magyar politika <a title=\"Cikk megnyit\u00e1sa\" href=\"http:\/\/szabadeuropa.shp.hu\/hpc\/web.php?a=szabadeuropa&amp;o=heti_tema_2013_02_09__FRkh\" target=\"_blank\">t\u00e1mogat\u00e1s<\/a>\u00e1val &#8211; 3. r\u00e9sz<\/li>\n<li>A sokat szidott <a title=\"Cikk megnyit\u00e1sa\" href=\"http:\/\/szabadeuropa.shp.hu\/hpc\/web.php?a=szabadeuropa&amp;o=heti_tema_2013_02_14__3KQx\" target=\"_blank\">bankok <\/a>&#8211; 4. r\u00e9sz<\/li>\n<\/ul>\n<ul>\n<li>Matolcsy a <a title=\"Cikk megnyit\u00e1sa\" href=\"http:\/\/szabadeuropa.shp.hu\/hpc\/web.php?a=szabadeuropa&amp;o=heti_tema_2013_02_27__gQNP\" target=\"_blank\">jegybankeln\u00f6k <\/a>&#8211; T\u00fcnd\u00e9rmese vagy r\u00e9m\u00e1lom? &#8211; 1. r\u00e9sz<\/li>\n<li>A monet\u00e1ris politika \u00e9l\u00e9n <a title=\"Cikk megnyit\u00e1sa\" href=\"http:\/\/szabadeuropa.shp.hu\/hpc\/web.php?a=szabadeuropa&amp;o=heti_tema_2013_02_05__ZSWE\" target=\"_blank\">Matolcsy <\/a>&#8211; 2. r\u00e9sz<\/li>\n<li>Ki a <a title=\"Cikk megnyit\u00e1sa\" href=\"http:\/\/szabadeuropa.shp.hu\/hpc\/web.php?a=szabadeuropa&amp;o=heti_tema_2013_03_12__ZSp5\" target=\"_blank\">magyar<\/a>, e haz\u00e1ban? 10 milli\u00f3 magyar vagy csak p\u00e1r sz\u00e1zezer? &#8211; 3. r\u00e9sz<\/li>\n<\/ul>\n","protected":false},"excerpt":{"rendered":"<p>Egyre t\u00f6bb cikket \u00e9s v\u00e9lem\u00e9nyt kapunk mostan\u00e1ban, ez\u00e9rt \u00fagy d\u00f6nt\u00f6tt\u00fck, hogy a szervezet \u00e1ltal k\u00f6z\u00f6lt cikkek k\u00f6z\u00f6tt megjelen\u0151 egy\u00e9b bejegyz\u00e9seket k\u00fcl\u00f6n kiemelve is megjelen\u00edtj\u00fck. \u00cdgy egyr\u00e9szt olvas\u00f3ink is l\u00e1thatj\u00e1k, melyek azok a gondolatok, amelyek nem a mi &#8222;M\u0171hely\u00fcnkben&#8221; fogalmaz\u00f3dnak meg, &hellip; <a href=\"https:\/\/www.mszporoszlany.hu\/?page_id=1529\">Egy kattint\u00e1s ide a folytat\u00e1shoz&#8230;. <span class=\"meta-nav\">&rarr;<\/span><\/a><\/p>\n","protected":false},"author":35,"featured_media":0,"parent":0,"menu_order":17,"comment_status":"closed","ping_status":"closed","template":"","meta":{"footnotes":""},"class_list":["post-1529","page","type-page","status-publish","hentry"],"_links":{"self":[{"href":"https:\/\/www.mszporoszlany.hu\/index.php?rest_route=\/wp\/v2\/pages\/1529","targetHints":{"allow":["GET"]}}],"collection":[{"href":"https:\/\/www.mszporoszlany.hu\/index.php?rest_route=\/wp\/v2\/pages"}],"about":[{"href":"https:\/\/www.mszporoszlany.hu\/index.php?rest_route=\/wp\/v2\/types\/page"}],"author":[{"embeddable":true,"href":"https:\/\/www.mszporoszlany.hu\/index.php?rest_route=\/wp\/v2\/users\/35"}],"replies":[{"embeddable":true,"href":"https:\/\/www.mszporoszlany.hu\/index.php?rest_route=%2Fwp%2Fv2%2Fcomments&post=1529"}],"version-history":[{"count":0,"href":"https:\/\/www.mszporoszlany.hu\/index.php?rest_route=\/wp\/v2\/pages\/1529\/revisions"}],"wp:attachment":[{"href":"https:\/\/www.mszporoszlany.hu\/index.php?rest_route=%2Fwp%2Fv2%2Fmedia&parent=1529"}],"curies":[{"name":"wp","href":"https:\/\/api.w.org\/{rel}","templated":true}]}}