{"id":1824,"date":"2012-12-05T16:10:06","date_gmt":"2012-12-05T15:10:06","guid":{"rendered":"http:\/\/www.mszporoszlany.hu\/?page_id=1824"},"modified":"2012-12-05T16:10:06","modified_gmt":"2012-12-05T15:10:06","slug":"csaladi-lecsonap-tatabanya","status":"publish","type":"page","link":"https:\/\/www.mszporoszlany.hu\/?page_id=1824","title":{"rendered":"Csal\u00e1di \u201clecs\u00f3nap\u201d (Tatab\u00e1nya)"},"content":{"rendered":"<p>2012. augusztus 10.<\/p>\n<p><a href=\"\/wp-fotos\/sorozat\/lecsonap\/001.jpg\" rel=\"lightbox[2]\"><img loading=\"lazy\" decoding=\"async\" class=\"alignnone pictureframe\" title=\"Csak biztos alapokon lehets\u00e9ges...\" src=\"\/wp-fotos\/sorozat\/lecsonap\/s001.jpg\" alt=\"\" width=\"100\" height=\"75\" \/><\/a><a href=\"\/wp-fotos\/sorozat\/lecsonap\/002.jpg\" rel=\"lightbox[2]\"><img loading=\"lazy\" decoding=\"async\" class=\"alignnone pictureframe\" title=\"A m\u00e9rn\u00f6ki pontoss\u00e1g sem n\u00e9lk\u00fcl\u00f6zhet\u0151\" src=\"\/wp-fotos\/sorozat\/lecsonap\/s002.jpg\" alt=\"\" width=\"100\" height=\"75\" \/><\/a><a href=\"\/wp-fotos\/sorozat\/lecsonap\/003.jpg\" rel=\"lightbox[2]\"><img loading=\"lazy\" decoding=\"async\" class=\"alignnone pictureframe\" title=\"A szak\u00e1cstudom\u00e1nyok megl\u00e9te is fontos\" src=\"\/wp-fotos\/sorozat\/lecsonap\/s003.jpg\" alt=\"\" width=\"100\" height=\"75\" \/><\/a><a href=\"\/wp-fotos\/sorozat\/lecsonap\/004.jpg\" rel=\"lightbox[2]\"><img loading=\"lazy\" decoding=\"async\" class=\"alignnone pictureframe\" title=\"A &quot;csoda&quot;-csapat tagjai (kicsit hi\u00e1nyosan)\" src=\"\/wp-fotos\/sorozat\/lecsonap\/s004.jpg\" alt=\"\" width=\"100\" height=\"75\" \/><\/a><a href=\"\/wp-fotos\/sorozat\/lecsonap\/005.jpg\" rel=\"lightbox[2]\"><img loading=\"lazy\" decoding=\"async\" class=\"alignnone pictureframe\" title=\"Az oroszl\u00e1nyiak m\u00e1sik csapata (csinosban)\" src=\"\/wp-fotos\/sorozat\/lecsonap\/s005.jpg\" alt=\"\" width=\"100\" height=\"75\" \/><\/a><br \/>\n<a href=\"\/wp-fotos\/sorozat\/lecsonap\/006.jpg\" rel=\"lightbox[2]\"><img loading=\"lazy\" decoding=\"async\" class=\"alignnone pictureframe\" title=\"Az oroszl\u00e1nyi eln\u00f6ks\u00e9gi k\u00fcl\u00f6n\u00edtm\u00e9ny (idegenl\u00e9gi\u00f3sokkal)\" src=\"\/wp-fotos\/sorozat\/lecsonap\/s006.jpg\" alt=\"\" width=\"100\" height=\"75\" \/><\/a><a href=\"\/wp-fotos\/sorozat\/lecsonap\/007.jpg\" rel=\"lightbox[2]\"><img loading=\"lazy\" decoding=\"async\" class=\"alignnone pictureframe\" title=\"\u00c9s m\u00e1r megint CSAK az eln\u00f6k dolgozik\" src=\"\/wp-fotos\/sorozat\/lecsonap\/s007.jpg\" alt=\"\" width=\"100\" height=\"75\" \/><\/a><a href=\"\/wp-fotos\/sorozat\/lecsonap\/008.jpg\" rel=\"lightbox[2]\"><img loading=\"lazy\" decoding=\"async\" class=\"alignnone pictureframe\" title=\"R\u00e9szk\u00f6zgy\u0171l\u00e9s, vagy csak frakci\u00f3zgatunk?\" src=\"\/wp-fotos\/sorozat\/lecsonap\/s008.jpg\" alt=\"\" width=\"100\" height=\"75\" \/><\/a><a href=\"\/wp-fotos\/sorozat\/lecsonap\/009.jpg\" rel=\"lightbox[2]\"><img loading=\"lazy\" decoding=\"async\" class=\"alignnone pictureframe\" title=\"A hatsz\u00e1zasok kem\u00e9ny klubja\" src=\"\/wp-fotos\/sorozat\/lecsonap\/s009.jpg\" alt=\"\" width=\"100\" height=\"75\" \/><\/a><a href=\"\/wp-fotos\/sorozat\/lecsonap\/010.jpg\" rel=\"lightbox[2]\"><img loading=\"lazy\" decoding=\"async\" class=\"alignnone pictureframe\" title=\"A szigor\u00fa \u00e9s &quot;f\u00fcggetlen&quot; zs\u0171ri\" src=\"\/wp-fotos\/sorozat\/lecsonap\/s010.jpg\" alt=\"\" width=\"100\" height=\"75\" \/><\/a><br \/>\n<a href=\"\/wp-fotos\/sorozat\/lecsonap\/011.jpg\" rel=\"lightbox[2]\"><img loading=\"lazy\" decoding=\"async\" class=\"alignnone pictureframe\" title=\"J\u00f3 \u00e9tv\u00e1gyat (j\u00f6v\u0151re is)!\" src=\"\/wp-fotos\/sorozat\/lecsonap\/s011.jpg\" alt=\"\" width=\"100\" height=\"75\" \/><\/a><\/p>\n","protected":false},"excerpt":{"rendered":"<p>2012. augusztus 10.<\/p>\n","protected":false},"author":35,"featured_media":0,"parent":919,"menu_order":0,"comment_status":"open","ping_status":"closed","template":"","meta":{"footnotes":""},"class_list":["post-1824","page","type-page","status-publish","hentry"],"_links":{"self":[{"href":"https:\/\/www.mszporoszlany.hu\/index.php?rest_route=\/wp\/v2\/pages\/1824","targetHints":{"allow":["GET"]}}],"collection":[{"href":"https:\/\/www.mszporoszlany.hu\/index.php?rest_route=\/wp\/v2\/pages"}],"about":[{"href":"https:\/\/www.mszporoszlany.hu\/index.php?rest_route=\/wp\/v2\/types\/page"}],"author":[{"embeddable":true,"href":"https:\/\/www.mszporoszlany.hu\/index.php?rest_route=\/wp\/v2\/users\/35"}],"replies":[{"embeddable":true,"href":"https:\/\/www.mszporoszlany.hu\/index.php?rest_route=%2Fwp%2Fv2%2Fcomments&post=1824"}],"version-history":[{"count":0,"href":"https:\/\/www.mszporoszlany.hu\/index.php?rest_route=\/wp\/v2\/pages\/1824\/revisions"}],"up":[{"embeddable":true,"href":"https:\/\/www.mszporoszlany.hu\/index.php?rest_route=\/wp\/v2\/pages\/919"}],"wp:attachment":[{"href":"https:\/\/www.mszporoszlany.hu\/index.php?rest_route=%2Fwp%2Fv2%2Fmedia&parent=1824"}],"curies":[{"name":"wp","href":"https:\/\/api.w.org\/{rel}","templated":true}]}}