{"id":2505,"date":"2014-03-03T17:09:42","date_gmt":"2014-03-03T16:09:42","guid":{"rendered":"http:\/\/www.mszporoszlany.hu\/?page_id=2505"},"modified":"2018-12-13T15:52:26","modified_gmt":"2018-12-13T14:52:26","slug":"beszelgetes-mesterhazy-attilaval","status":"publish","type":"page","link":"https:\/\/www.mszporoszlany.hu\/?page_id=2505","title":{"rendered":"Besz\u00e9lget\u00e9s Mesterh\u00e1zy Attil\u00e1val"},"content":{"rendered":"<p><a href=\"\/wp-fotos\/sorozat\/mesterhazy\/001.png\" rel=\"lightbox[1]\"><img loading=\"lazy\" decoding=\"async\" class=\"alignnone pictureframe\" title=\"Al\u00e1\u00edr\u00e1sgy\u0171jt\u00e9s, ahogy az duk\u00e1l\" src=\"\/wp-fotos\/sorozat\/mesterhazy\/s001.png\" alt=\"Al\u00e1\u00edr\u00e1sgy\u0171jt\u00e9s, ahogy az duk\u00e1l\" width=\"100\" height=\"75\" \/><\/a><a href=\"\/wp-fotos\/sorozat\/mesterhazy\/002.png\" rel=\"lightbox[1]\"><img loading=\"lazy\" decoding=\"async\" class=\"alignnone pictureframe\" title=\"Gy\u00fclekez\u0151 aktivist\u00e1k \u00e9s t\u00e1mogat\u00f3k\" src=\"\/wp-fotos\/sorozat\/mesterhazy\/s002.png\" alt=\"Gy\u00fclekez\u0151 aktivist\u00e1k \u00e9s t\u00e1mogat\u00f3k\" width=\"100\" height=\"75\" \/><\/a><a href=\"\/wp-fotos\/sorozat\/mesterhazy\/003.png\" rel=\"lightbox[1]\"><img loading=\"lazy\" decoding=\"async\" class=\"alignnone pictureframe\" title=\"Aktivist\u00e1k harcra k\u00e9szen :D\" src=\"\/wp-fotos\/sorozat\/mesterhazy\/s003.png\" alt=\"Aktivist\u00e1k harcra k\u00e9szen :D\" width=\"100\" height=\"75\" \/><\/a><a href=\"\/wp-fotos\/sorozat\/mesterhazy\/004.png\" rel=\"lightbox[1]\"><img loading=\"lazy\" decoding=\"async\" class=\"alignnone pictureframe\" title=\"V\u00e1rakoz\u00e1s Mesterh\u00e1zy Attil\u00e1ra\" src=\"\/wp-fotos\/sorozat\/mesterhazy\/s004.png\" alt=\"V\u00e1rakoz\u00e1s Mesterh\u00e1zy Attil\u00e1ra\" width=\"100\" height=\"75\" \/><\/a><a href=\"\/wp-fotos\/sorozat\/mesterhazy\/005.png\" rel=\"lightbox[1]\"><img loading=\"lazy\" decoding=\"async\" class=\"alignnone pictureframe\" title=\"N\u00f6vekv\u0151 t\u00f6meg \u00e9s tov\u00e1bbi v\u00e1rakoz\u00e1s\" src=\"\/wp-fotos\/sorozat\/mesterhazy\/s005.png\" alt=\"N\u00f6vekv\u0151 t\u00f6meg \u00e9s tov\u00e1bbi v\u00e1rakoz\u00e1s\" width=\"100\" height=\"75\" \/><\/a><a href=\"\/wp-fotos\/sorozat\/mesterhazy\/006.png\" rel=\"lightbox[1]\"><img loading=\"lazy\" decoding=\"async\" class=\"alignnone pictureframe\" title=\"H\u00e1zigazda \u00e9s vend\u00e9ge (Antal \u00e9s Attila)\" src=\"\/wp-fotos\/sorozat\/mesterhazy\/s006.png\" alt=\"H\u00e1zigazda \u00e9s vend\u00e9ge (Antal \u00e9s Attila)\" width=\"100\" height=\"75\" \/><\/a><a href=\"\/wp-fotos\/sorozat\/mesterhazy\/007.png\" rel=\"lightbox[1]\"><img loading=\"lazy\" decoding=\"async\" class=\"alignnone pictureframe\" title=\"A sajt\u00f3 mindenek felett\" src=\"\/wp-fotos\/sorozat\/mesterhazy\/s007.png\" alt=\"A sajt\u00f3 mindenek felett\" width=\"100\" height=\"75\" \/><\/a><a href=\"\/wp-fotos\/sorozat\/mesterhazy\/008.png\" rel=\"lightbox[1]\"><img loading=\"lazy\" decoding=\"async\" class=\"alignnone pictureframe\" title=\"K\u00e9rdez\u0151k \u00e9s aktivist\u00e1k gy\u0171r\u0171j\u00e9ben\" src=\"\/wp-fotos\/sorozat\/mesterhazy\/s008.png\" alt=\"K\u00e9rdez\u0151k \u00e9s aktivist\u00e1k gy\u0171r\u0171j\u00e9ben\" width=\"100\" height=\"75\" \/><\/a><a href=\"\/wp-fotos\/sorozat\/mesterhazy\/009.png\" rel=\"lightbox[1]\"><img loading=\"lazy\" decoding=\"async\" class=\"alignnone pictureframe\" title=\"Helyi \u00e9s megyei MSZP-s politikusok\" src=\"\/wp-fotos\/sorozat\/mesterhazy\/s009.png\" alt=\"Helyi \u00e9s megyei MSZP-s politikusok\" width=\"100\" height=\"75\" \/><\/a><a href=\"\/wp-fotos\/sorozat\/mesterhazy\/010.png\" rel=\"lightbox[1]\"><img loading=\"lazy\" decoding=\"async\" class=\"alignnone pictureframe\" title=\"Egy kis eml\u00e9k a mai napr\u00f3l\" src=\"\/wp-fotos\/sorozat\/mesterhazy\/s010.png\" alt=\"Egy kis eml\u00e9k a mai napr\u00f3l\" width=\"100\" height=\"75\" \/><\/a><a href=\"\/wp-fotos\/sorozat\/mesterhazy\/011.png\" rel=\"lightbox[1]\"><img loading=\"lazy\" decoding=\"async\" class=\"alignnone pictureframe\" title=\"Borong\u00f3s id\u0151 \u00e9s vid\u00e1m emberek (nincs mi\u00e9rt \u00e9s kit\u0151l f\u00e9lni...)\" src=\"\/wp-fotos\/sorozat\/mesterhazy\/s011.png\" alt=\"Borong\u00f3s id\u0151 \u00e9s vid\u00e1m emberek (nincs mi\u00e9rt \u00e9s kit\u0151l f\u00e9lni...)\" width=\"100\" height=\"75\" \/><\/a><a href=\"\/wp-fotos\/sorozat\/mesterhazy\/012.png\" rel=\"lightbox[1]\"><img loading=\"lazy\" decoding=\"async\" class=\"alignnone pictureframe\" title=\"Z\u00e1r\u00f3gondolatok a rendezv\u00e9ny v\u00e9g\u00e9n\" src=\"\/wp-fotos\/sorozat\/mesterhazy\/s012.png\" alt=\"Z\u00e1r\u00f3gondolatok a rendezv\u00e9ny v\u00e9g\u00e9n\" width=\"100\" height=\"75\" \/><\/a><a href=\"\/wp-fotos\/sorozat\/mesterhazy\/013.png\" rel=\"lightbox[1]\"><img loading=\"lazy\" decoding=\"async\" class=\"alignnone pictureframe\" title=\"A m\u00e1sk\u00e9nt gondolkod\u00f3 fiatal demokrat\u00e1k\" src=\"\/wp-fotos\/sorozat\/mesterhazy\/s013.png\" alt=\"A m\u00e1sk\u00e9nt gondolkod\u00f3 fiatal demokrat\u00e1k\" width=\"100\" height=\"75\" \/><\/a><a href=\"\/wp-fotos\/sorozat\/mesterhazy\/014.png\" rel=\"lightbox[1]\"><img loading=\"lazy\" decoding=\"async\" class=\"alignnone pictureframe\" title=\"Ugyan akkor a t\u00e9r m\u00e1sik sark\u00e1ban... :D\" src=\"\/wp-fotos\/sorozat\/mesterhazy\/s014.png\" alt=\"Ugyan akkor a t\u00e9r m\u00e1sik sark\u00e1ban... :D\" width=\"100\" height=\"75\" \/><\/a><\/p>\n","protected":false},"excerpt":{"rendered":"","protected":false},"author":35,"featured_media":0,"parent":0,"menu_order":0,"comment_status":"closed","ping_status":"closed","template":"","meta":{"footnotes":""},"class_list":["post-2505","page","type-page","status-publish","hentry"],"_links":{"self":[{"href":"https:\/\/www.mszporoszlany.hu\/index.php?rest_route=\/wp\/v2\/pages\/2505","targetHints":{"allow":["GET"]}}],"collection":[{"href":"https:\/\/www.mszporoszlany.hu\/index.php?rest_route=\/wp\/v2\/pages"}],"about":[{"href":"https:\/\/www.mszporoszlany.hu\/index.php?rest_route=\/wp\/v2\/types\/page"}],"author":[{"embeddable":true,"href":"https:\/\/www.mszporoszlany.hu\/index.php?rest_route=\/wp\/v2\/users\/35"}],"replies":[{"embeddable":true,"href":"https:\/\/www.mszporoszlany.hu\/index.php?rest_route=%2Fwp%2Fv2%2Fcomments&post=2505"}],"version-history":[{"count":0,"href":"https:\/\/www.mszporoszlany.hu\/index.php?rest_route=\/wp\/v2\/pages\/2505\/revisions"}],"wp:attachment":[{"href":"https:\/\/www.mszporoszlany.hu\/index.php?rest_route=%2Fwp%2Fv2%2Fmedia&parent=2505"}],"curies":[{"name":"wp","href":"https:\/\/api.w.org\/{rel}","templated":true}]}}

Beszélgetés Mesterházy Attilával

<p><a href="/wp-fotos/sorozat/mesterhazy/001.png" rel="lightbox[1]"><img loading="lazy" decoding="async" class="alignnone pictureframe" title="Aláírásgyűjtés, ahogy az dukál" src="/wp-fotos/sorozat/mesterhazy/s001.png" alt="Aláírásgyűjtés, ahogy az dukál" width="100" height="75" /></a><a href="/wp-fotos/sorozat/mesterhazy/002.png" rel="lightbox[1]"><img loading="lazy" decoding="async" class="alignnone pictureframe" title="Gyülekező aktivisták és támogatók" src="/wp-fotos/sorozat/mesterhazy/s002.png" alt="Gyülekező aktivisták és támogatók" width="100" height="75" /></a><a href="/wp-fotos/sorozat/mesterhazy/003.png" rel="lightbox[1]"><img loading="lazy" decoding="async" class="alignnone pictureframe" title="Aktivisták harcra készen :D" src="/wp-fotos/sorozat/mesterhazy/s003.png" alt="Aktivisták harcra készen :D" width="100" height="75" /></a><a href="/wp-fotos/sorozat/mesterhazy/004.png" rel="lightbox[1]"><img loading="lazy" decoding="async" class="alignnone pictureframe" title="Várakozás Mesterházy Attilára" src="/wp-fotos/sorozat/mesterhazy/s004.png" alt="Várakozás Mesterházy Attilára" width="100" height="75" /></a><a href="/wp-fotos/sorozat/mesterhazy/005.png" rel="lightbox[1]"><img loading="lazy" decoding="async" class="alignnone pictureframe" title="Növekvő tömeg és további várakozás" src="/wp-fotos/sorozat/mesterhazy/s005.png" alt="Növekvő tömeg és további várakozás" width="100" height="75" /></a><a href="/wp-fotos/sorozat/mesterhazy/006.png" rel="lightbox[1]"><img loading="lazy" decoding="async" class="alignnone pictureframe" title="Házigazda és vendége (Antal és Attila)" src="/wp-fotos/sorozat/mesterhazy/s006.png" alt="Házigazda és vendége (Antal és Attila)" width="100" height="75" /></a><a href="/wp-fotos/sorozat/mesterhazy/007.png" rel="lightbox[1]"><img loading="lazy" decoding="async" class="alignnone pictureframe" title="A sajtó mindenek felett" src="/wp-fotos/sorozat/mesterhazy/s007.png" alt="A sajtó mindenek felett" width="100" height="75" /></a><a href="/wp-fotos/sorozat/mesterhazy/008.png" rel="lightbox[1]"><img loading="lazy" decoding="async" class="alignnone pictureframe" title="Kérdezők és aktivisták gyűrűjében" src="/wp-fotos/sorozat/mesterhazy/s008.png" alt="Kérdezők és aktivisták gyűrűjében" width="100" height="75" /></a><a href="/wp-fotos/sorozat/mesterhazy/009.png" rel="lightbox[1]"><img loading="lazy" decoding="async" class="alignnone pictureframe" title="Helyi és megyei MSZP-s politikusok" src="/wp-fotos/sorozat/mesterhazy/s009.png" alt="Helyi és megyei MSZP-s politikusok" width="100" height="75" /></a><a href="/wp-fotos/sorozat/mesterhazy/010.png" rel="lightbox[1]"><img loading="lazy" decoding="async" class="alignnone pictureframe" title="Egy kis emlék a mai napról" src="/wp-fotos/sorozat/mesterhazy/s010.png" alt="Egy kis emlék a mai napról" width="100" height="75" /></a><a href="/wp-fotos/sorozat/mesterhazy/011.png" rel="lightbox[1]"><img loading="lazy" decoding="async" class="alignnone pictureframe" title="Borongós idő és vidám emberek (nincs miért és kitől félni...)" src="/wp-fotos/sorozat/mesterhazy/s011.png" alt="Borongós idő és vidám emberek (nincs miért és kitől félni...)" width="100" height="75" /></a><a href="/wp-fotos/sorozat/mesterhazy/012.png" rel="lightbox[1]"><img loading="lazy" decoding="async" class="alignnone pictureframe" title="Zárógondolatok a rendezvény végén" src="/wp-fotos/sorozat/mesterhazy/s012.png" alt="Zárógondolatok a rendezvény végén" width="100" height="75" /></a><a href="/wp-fotos/sorozat/mesterhazy/013.png" rel="lightbox[1]"><img loading="lazy" decoding="async" class="alignnone pictureframe" title="A másként gondolkodó fiatal demokraták" src="/wp-fotos/sorozat/mesterhazy/s013.png" alt="A másként gondolkodó fiatal demokraták" width="100" height="75" /></a><a href="/wp-fotos/sorozat/mesterhazy/014.png" rel="lightbox[1]"><img loading="lazy" decoding="async" class="alignnone pictureframe" title="Ugyan akkor a tér másik sarkában... :D" src="/wp-fotos/sorozat/mesterhazy/s014.png" alt="Ugyan akkor a tér másik sarkában... :D" width="100" height="75" /></a></p>
