{"id":9,"date":"2014-07-01T00:00:04","date_gmt":"2014-06-30T23:00:04","guid":{"rendered":"http:\/\/www.mszporoszlany.hu\/?page_id=9"},"modified":"2024-10-27T15:52:17","modified_gmt":"2024-10-27T14:52:17","slug":"elnokseg","status":"publish","type":"page","link":"https:\/\/www.mszporoszlany.hu\/?page_id=9","title":{"rendered":"Vezet\u0151s\u00e9g"},"content":{"rendered":"<p><strong>Eln\u00f6k<\/strong><\/p>\n<ul>\n<li>Moln\u00e1r Istv\u00e1n<\/li>\n<\/ul>\n<p><strong>Eln\u00f6ks\u00e9gi tagok<\/strong><\/p>\n<ul>\n<li><a href=\"\">&#8230;<\/a><\/li>\n<li><a href=\"\">&#8230;<\/a><\/li>\n<li><a href=\"\">&#8230;<\/a><\/li>\n<\/ul>\n<p>Szervezet\u00fcnk 2 (k\u00e9t) taggal van jelen Oroszl\u00e1ny v\u00e1ros k\u00e9pvisel\u0151-test\u00fclet\u00e9ben.<\/p>\n<p><strong>K\u00e9pvisel\u0151k<\/strong><\/p>\n<ul>\n<li><a href=\"\/?p=705\">Rajnai<\/a> G\u00e1bor <small>(t\u00e1rsadalmi megb\u00edzat\u00e1s\u00fa alpolg\u00e1rmester)<\/small><\/li>\n<li><a href=\"\/?p=723\">Sz\u00e9kely<\/a> Antal <small>(M\u0171vel\u0151d\u00e9si, oktat\u00e1si \u00e9s sport bizotts\u00e1g eln\u00f6ke)<\/small><\/li>\n<\/ul>\n<p>Alapszervezet\u00fcnk tagjai az OLPK frakci\u00f3ban politiz\u00e1lnak az \u00f6nkorm\u00e1nyzatban.<\/p>\n","protected":false},"excerpt":{"rendered":"<p>Eln\u00f6k Moln\u00e1r Istv\u00e1n Eln\u00f6ks\u00e9gi tagok &#8230; &#8230; &#8230; Szervezet\u00fcnk 2 (k\u00e9t) taggal van jelen Oroszl\u00e1ny v\u00e1ros k\u00e9pvisel\u0151-test\u00fclet\u00e9ben. K\u00e9pvisel\u0151k Rajnai G\u00e1bor (t\u00e1rsadalmi megb\u00edzat\u00e1s\u00fa alpolg\u00e1rmester) Sz\u00e9kely Antal (M\u0171vel\u0151d\u00e9si, oktat\u00e1si \u00e9s sport bizotts\u00e1g eln\u00f6ke) Alapszervezet\u00fcnk tagjai az OLPK frakci\u00f3ban politiz\u00e1lnak az \u00f6nkorm\u00e1nyzatban.<\/p>\n","protected":false},"author":35,"featured_media":0,"parent":0,"menu_order":12,"comment_status":"closed","ping_status":"closed","template":"","meta":{"footnotes":""},"class_list":["post-9","page","type-page","status-publish","hentry"],"_links":{"self":[{"href":"https:\/\/www.mszporoszlany.hu\/index.php?rest_route=\/wp\/v2\/pages\/9","targetHints":{"allow":["GET"]}}],"collection":[{"href":"https:\/\/www.mszporoszlany.hu\/index.php?rest_route=\/wp\/v2\/pages"}],"about":[{"href":"https:\/\/www.mszporoszlany.hu\/index.php?rest_route=\/wp\/v2\/types\/page"}],"author":[{"embeddable":true,"href":"https:\/\/www.mszporoszlany.hu\/index.php?rest_route=\/wp\/v2\/users\/35"}],"replies":[{"embeddable":true,"href":"https:\/\/www.mszporoszlany.hu\/index.php?rest_route=%2Fwp%2Fv2%2Fcomments&post=9"}],"version-history":[{"count":5,"href":"https:\/\/www.mszporoszlany.hu\/index.php?rest_route=\/wp\/v2\/pages\/9\/revisions"}],"predecessor-version":[{"id":2989,"href":"https:\/\/www.mszporoszlany.hu\/index.php?rest_route=\/wp\/v2\/pages\/9\/revisions\/2989"}],"wp:attachment":[{"href":"https:\/\/www.mszporoszlany.hu\/index.php?rest_route=%2Fwp%2Fv2%2Fmedia&parent=9"}],"curies":[{"name":"wp","href":"https:\/\/api.w.org\/{rel}","templated":true}]}}

Vezetőség

<p><strong>Elnök</strong></p>
<ul>
<li>Molnár István</li>
</ul>
<p><strong>Elnökségi tagok</strong></p>
<ul>
<li><a href="">&#8230;</a></li>
<li><a href="">&#8230;</a></li>
<li><a href="">&#8230;</a></li>
</ul>
<p>Szervezetünk 2 (két) taggal van jelen Oroszlány város képviselő-testületében.</p>
<p><strong>Képviselők</strong></p>
<ul>
<li><a href="/?p=705">Rajnai</a> Gábor <small>(társadalmi megbízatású alpolgármester)</small></li>
<li><a href="/?p=723">Székely</a> Antal <small>(Művelődési, oktatási és sport bizottság elnöke)</small></li>
</ul>
<p>Alapszervezetünk tagjai az OLPK frakcióban politizálnak az önkormányzatban.</p>

<p>Elnök Molnár István Elnökségi tagok &#8230; &#8230; &#8230; Szervezetünk 2 (két) taggal van jelen Oroszlány város képviselő-testületében. Képviselők Rajnai Gábor (társadalmi megbízatású alpolgármester) Székely Antal (Művelődési, oktatási és sport bizottság elnöke) Alapszervezetünk tagjai az OLPK frakcióban politizálnak az önkormányzatban.</p>
