{"id":919,"date":"2012-06-16T08:39:06","date_gmt":"2012-06-16T07:39:06","guid":{"rendered":"http:\/\/www.mszporoszlany.hu\/?page_id=919"},"modified":"2014-03-03T17:10:02","modified_gmt":"2014-03-03T16:10:02","slug":"fotok","status":"publish","type":"page","link":"https:\/\/www.mszporoszlany.hu\/?page_id=919","title":{"rendered":"Fot\u00f3album"},"content":{"rendered":"<div id=\"foto\">\n<div class=\"foto\"><a title=\"Besz\u00e9lget\u00e9s Mesterh\u00e1zy Attil\u00e1val\" href=\"\/?page_id=2505\" target=\"_blank\"><img loading=\"lazy\" decoding=\"async\" class=\"alignnone pictureframe\" alt=\"\" src=\"\/wp-fotos\/sorozat\/mesterhazy\/s011.png\" width=\"100\" height=\"75\" \/><\/a><\/div>\n<div class=\"adat\">Besz\u00e9lget\u00e9s Mesterh\u00e1zy Attil\u00e1val &#8211; \u00d6sszefog\u00e1s 2014<br \/>\n<small>Az albumban 14 fot\u00f3 tal\u00e1lhat\u00f3<br \/>\nFriss\u00edtve: 2014.03.03<\/small><\/div>\n<\/div>\n<div id=\"fotovege\"><\/div>\n<div id=\"foto\">\n<div class=\"foto\"><a title=\"Dr. Karona Tam\u00e1s el\u0151ad\u00e1sa\" href=\"\/?page_id=2134\" target=\"_blank\"><img loading=\"lazy\" decoding=\"async\" class=\"alignnone pictureframe\" alt=\"\" src=\"\/wp-fotos\/sorozat\/katona\/s01.jpg\" width=\"100\" height=\"75\" \/><\/a><\/div>\n<div class=\"adat\">Dr. Katona Tam\u00e1s el\u0151ad\u00e1sa &#8211; K\u00f6z\u00e9leti Klub<br \/>\n<small>Az albumban 4 fot\u00f3 tal\u00e1lhat\u00f3<br \/>\nFriss\u00edtve: 2013.03.19<\/small><\/div>\n<\/div>\n<div id=\"fotovege\"><\/div>\n<div id=\"foto\">\n<div class=\"foto\"><a title=\"Bajnai Gordon el\u0151ad\u00e1sa\" href=\"\/?page_id=1801\" target=\"_blank\"><img loading=\"lazy\" decoding=\"async\" class=\"alignnone pictureframe\" alt=\"\" src=\"\/wp-fotos\/sorozat\/bajnai\/s01.jpg\" width=\"100\" height=\"75\" \/><\/a><\/div>\n<div class=\"adat\">Bajnai Gordon el\u0151ad\u00e1sa &#8211; K\u00f6z\u00e9leti Klub<br \/>\n<small>Az albumban 10 fot\u00f3 tal\u00e1lhat\u00f3<br \/>\nFriss\u00edtve: 2012.12.03<\/small><\/div>\n<\/div>\n<div id=\"fotovege\"><\/div>\n<div id=\"foto\">\n<div class=\"foto\"><a title=\"Akikre b\u00fcszk\u00e9k vagyunk\" href=\"\/?page_id=1810\" target=\"_blank\"><img loading=\"lazy\" decoding=\"async\" class=\"alignnone pictureframe\" alt=\"\" src=\"\/wp-fotos\/hosok\/sKeleti-Gyorgy.jpg\" width=\"100\" height=\"75\" \/><\/a><\/div>\n<div class=\"adat\">Akikre b\u00fcszk\u00e9k vagyunk<br \/>\n<small>Az albumban 1 fot\u00f3 tal\u00e1lhat\u00f3<br \/>\nFriss\u00edtve: 2012.11.25<\/small><\/div>\n<\/div>\n<div id=\"fotovege\"><\/div>\n<div id=\"foto\">\n<div class=\"foto\"><a title=\"dr. Koll\u00e1th Gy\u00f6rgy el\u0151ad\u00e1sa\" href=\"\/?page_id=1808\" target=\"_blank\"><img loading=\"lazy\" decoding=\"async\" class=\"alignnone pictureframe\" alt=\"\" src=\"\/wp-fotos\/sorozat\/kollath\/s01.jpg\" width=\"100\" height=\"75\" \/><\/a><\/div>\n<div class=\"adat\">dr. Koll\u00e1th Gy\u00f6rgy el\u0151ad\u00e1sa &#8211; K\u00f6z\u00e9leti Klub<br \/>\n<small>Az albumban 15 fot\u00f3 tal\u00e1lhat\u00f3<br \/>\nFriss\u00edtve: 2012.11.05<\/small><\/div>\n<\/div>\n<div id=\"fotovege\"><\/div>\n<div id=\"foto\">\n<div class=\"foto\"><a title=\"25 milli\u00f3 az ablakban\" href=\"\/?page_id=1821\" target=\"_blank\"><img loading=\"lazy\" decoding=\"async\" class=\"alignnone pictureframe\" alt=\"\" src=\"\/wp-fotos\/sorozat\/majkgesztes\/smvsvg01.jpg\" width=\"100\" height=\"75\" \/><\/a><\/div>\n<div class=\"adat\">25 milli\u00f3 az ablakban<br \/>\n<small>Az albumban 5 fot\u00f3 tal\u00e1lhat\u00f3<br \/>\nFriss\u00edtve: 2012.10.29<\/small><\/div>\n<\/div>\n<div id=\"fotovege\"><\/div>\n<div id=\"foto\">\n<div class=\"foto\"><a title=\"Csal\u00e1di 'lecs\u00f3nap' (Tatab\u00e1nya)\" href=\"\/?page_id=1824\" target=\"_blank\"><img loading=\"lazy\" decoding=\"async\" class=\"alignnone pictureframe\" alt=\"\" src=\"\/wp-fotos\/sorozat\/lecsonap\/s001.jpg\" width=\"100\" height=\"75\" \/><\/a><\/div>\n<div class=\"adat\">Csal\u00e1di \u201clecs\u00f3nap\u201d (Tatab\u00e1nya)<br \/>\n<small>Az albumban 11 fot\u00f3 tal\u00e1lhat\u00f3<br \/>\nFriss\u00edtve: 2012.08.10<\/small><\/div>\n<\/div>\n<div id=\"fotovege\"><\/div>\n","protected":false},"excerpt":{"rendered":"<p>Besz\u00e9lget\u00e9s Mesterh\u00e1zy Attil\u00e1val &#8211; \u00d6sszefog\u00e1s 2014 Az albumban 14 fot\u00f3 tal\u00e1lhat\u00f3 Friss\u00edtve: 2014.03.03 Dr. Katona Tam\u00e1s el\u0151ad\u00e1sa &#8211; K\u00f6z\u00e9leti Klub Az albumban 4 fot\u00f3 tal\u00e1lhat\u00f3 Friss\u00edtve: 2013.03.19 Bajnai Gordon el\u0151ad\u00e1sa &#8211; K\u00f6z\u00e9leti Klub Az albumban 10 fot\u00f3 tal\u00e1lhat\u00f3 Friss\u00edtve: 2012.12.03 &hellip; <a href=\"https:\/\/www.mszporoszlany.hu\/?page_id=919\">Egy kattint\u00e1s ide a folytat\u00e1shoz&#8230;. <span class=\"meta-nav\">&rarr;<\/span><\/a><\/p>\n","protected":false},"author":35,"featured_media":0,"parent":0,"menu_order":16,"comment_status":"closed","ping_status":"closed","template":"","meta":{"footnotes":""},"class_list":["post-919","page","type-page","status-publish","hentry"],"_links":{"self":[{"href":"https:\/\/www.mszporoszlany.hu\/index.php?rest_route=\/wp\/v2\/pages\/919","targetHints":{"allow":["GET"]}}],"collection":[{"href":"https:\/\/www.mszporoszlany.hu\/index.php?rest_route=\/wp\/v2\/pages"}],"about":[{"href":"https:\/\/www.mszporoszlany.hu\/index.php?rest_route=\/wp\/v2\/types\/page"}],"author":[{"embeddable":true,"href":"https:\/\/www.mszporoszlany.hu\/index.php?rest_route=\/wp\/v2\/users\/35"}],"replies":[{"embeddable":true,"href":"https:\/\/www.mszporoszlany.hu\/index.php?rest_route=%2Fwp%2Fv2%2Fcomments&post=919"}],"version-history":[{"count":0,"href":"https:\/\/www.mszporoszlany.hu\/index.php?rest_route=\/wp\/v2\/pages\/919\/revisions"}],"wp:attachment":[{"href":"https:\/\/www.mszporoszlany.hu\/index.php?rest_route=%2Fwp%2Fv2%2Fmedia&parent=919"}],"curies":[{"name":"wp","href":"https:\/\/api.w.org\/{rel}","templated":true}]}}